oes 44 divide 2376?
True
Does 108 divide 5016?
False
Is 5 a factor of 275?
True
Is 36087 a multiple of 29?
False
Is 12 a factor of 40248?
True
Is 15 a factor of 5417?
False
Is 126 a multiple of 6?
True
Is 8080 a multiple of 80?
True
Is 18 a factor of 59930?
False
Does 2 divide 376?
True
Does 53 divide 5830?
True
Does 28 divide 5919?
False
Is 132 a multiple of 66?
True
Is 137 a multiple of 14?
False
Does 2 divide 2542?
True
Is 651 a multiple of 21?
True
Is 13574 a multiple of 46?
False
Does 6 divide 10586?
False
Is 30 a factor of 3420?
True
Is 7354 a multiple of 26?
False
Does 231 divide 33934?
False
Is 819 a multiple of 19?
False
Is 235 a multiple of 9?
False
Does 31 divide 1581?
True
Is 756 a multiple of 7?
True
Does 44 divide 833?
False
Does 3 divide 188?
False
Is 9 a factor of 14426?
False
Is 1620 a multiple of 36?
True
Is 605 a multiple of 55?
True
Is 4878 a multiple of 10?
False
Is 138 a multiple of 6?
True
Is 4 a factor of 624?
True
Does 14 divide 48?
False
Does 31 divide 372?
True
Is 700 a multiple of 7?
True
Is 31 a factor of 524?
False
Is 31 a factor of 5183?
False
Is 6873 a multiple of 84?
False
Is 21 a factor of 121?
False
Is 3 a factor of 77?
False
Is 7 a factor of 5740?
True
Is 729 a multiple of 3?
True
Does 85 divide 6101?
False
Is 1496 even?
True
Does 340 divide 50916?
False
Is 7 a factor of 19445?
False
Does 19 divide 1311?
True
Is 266 a multiple of 14?
True
Is 3 a factor of 7362?
True
Does 5 divide 215?
True
Is 3 a factor of 1319?
False
Is 20340 a multiple of 113?
True
Does 36 divide 6396?
False
Does 23 divide 2533?
False
Is 5473 a multiple of 62?
False
Is 78 a factor of 1433?
False
Is 5 a factor of 3256?
False
Does 6 divide 552?
True
Is 15134 a multiple of 9?
False
Is 2426 a multiple of 5?
False
Is 85 a factor of 2668?
False
Does 5 divide 13857?
False
Is 4426 a multiple of 16?
False
Does 447 divide 34866?
True
Does 12 divide 540?
True
Is 665 a multiple of 19?
True
Is 958 a multiple of 2?
True
Is 184 a factor of 28846?
False
Does 6 divide 456?
True
Is 16 a factor of 9807?
False
Is 300 a multiple of 30?
True
Is 46 a multiple of 5?
False
Is 578 a multiple of 4?
False
Does 139 divide 41839?
True
Is 24966 a multiple of 342?
True
Does 62 divide 11284?
True
Is 44 a factor of 3183?
False
Is 113 a factor of 8475?
True
Is 81 a factor of 51030?
True
Is 35934 a multiple of 318?
True
Does 73 divide 5548?
True
Is 43065 a multiple of 165?
True
Is 29 a factor of 19372?
True
Is 3 a factor of 1787?
False
Does 19 divide 95?
True
Does 33 divide 15135?
False
Is 2 a factor of 1835?
False
Is 3232 a multiple of 32?
True
Is 429 a multiple of 13?
True
Is 27993 a multiple of 129?
True
Is 115 a factor of 19904?
False
Does 273 divide 66326?
False
Does 8 divide 1888?
True
Does 189 divide 7322?
False
Does 44 divide 2409?
False
Does 102 divide 30679?
False
Is 243 a multiple of 3?
True
Is 23889 a multiple of 30?
False
Is 169 a multiple of 169?
True
Is 1005 a multiple of 105?
False
Is 23 a factor of 4350?
False
Is 60 a factor of 34845?
False
Is 44436 a multiple of 92?
True
Is 26 a factor of 63?
False
Is 185 a multiple of 6?
False
Is 100 a multiple of 10?
True
Is 89 a multiple of 2?
False
Does 14 divide 35241?
False
Is 3515 a multiple of 21?
False
Does 4 divide 2225?
False
Is 76500 a multiple of 45?
True
Does 32 divide 3970?
False
Is 6796 a multiple of 4?
True
Does 16 divide 1552?
True
Is 1560 a multiple of 15?
True
Does 14 divide 1845?
False
Is 1005 a multiple of 34?
False
Is 19 a factor of 5585?
False
Is 267 a multiple of 5?
False
Is 192 a multiple of 23?
False
Is 5 a factor of 55?
True
Is 31 a multiple of 4?
False
Is 491 a multiple of 17?
False
Does 4 divide 4544?
True
Is 31590 a multiple of 234?
True
Does 12 divide 8547?
False
Is 15 a factor of 1725?
True
Is 14027 a multiple of 83?
True
Is 1302 a multiple of 7?
True
Does 24 divide 1111?
False
Does 172 divide 22231?
False
Is 1800 a multiple of 180?
True
Is 31 a factor of 2139?
True
Is 1834 a multiple of 96?
False
Does 36 divide 457?
False
Is 201 a factor of 16281?
True
Is 2 a factor of 1207?
False
Does 13 divide 41932?
False
Is 1747 a multiple of 7?
False
Does 4 divide 96?
True
Does 89 divide 10283?
False
Is 152 a multiple of 19?
True
Does 24 divide 6263?
False
Is 37 a factor of 20072?
False
Is 16922 a multiple of 129?
False
Does 17 divide 13498?
True
Is 39 a factor of 17455?
False
Does 2 divide 230?
True
Does 13 divide 7670?
True
Does 97 divide 1472?
False
Is 8 a factor of 31291?
False
Is 2 a factor of 1959?
False
Is 221 a factor of 15787?
False
Is 43 a factor of 989?
True
Is 1164 a multiple of 12?
True
Is 45059 a multiple of 23?
False
Is 504 a multiple of 18?
True
Is 71 a multiple of 2?
False
Is 3157 a multiple of 12?
False
Is 8275 a multiple of 39?
False
Is 132 a multiple of 6?
True
Does 17 divide 493?
True
Is 6 a factor of 150?
True
Does 27 divide 19019?
False
Is 3490 a multiple of 118?
False
Is 1967 a multiple of 7?
True
Does 30 divide 339?
False
Is 12558 a multiple of 23?
True
Does 135 divide 4462?
False
Is 18 a factor of 6102?
True
Is 10445 a multiple of 31?
False
Does 83 divide 11518?
False
Is 816 a multiple of 4?
True
Is 2837 a multiple of 85?
False
Does 36 divide 42912?
True
Does 11 divide 14641?
True
Does 114 divide 21454?
False
Is 7772 a multiple of 149?
False
Is 2037 a multiple of 2?
False
Is 98 even?
True
Is 32 a factor of 88257?
False
Is 13272 a multiple of 237?
True
Does 9 divide 7675?
False
Is 1288 a multiple of 28?
True
Is 1768 a multiple of 17?
True
Is 1482 a multiple of 4?
False
Is 11 a factor of 572?
True
Is 173 a factor of 44115?
True
Is 61072 a multiple of 14?
False
Is 5363 a multiple of 31?
True
Is 87 a factor of 32016?
True
Does 39 divide 15858?
False
Is 7 a factor of 140?
True
Is 9 a factor of 27351?
True
Does 74 divide 12435?
False
Does 6 divide 20850?
True
Is 342 a multiple of 12?
False
Does 8 divide 423?
False
Does 3 divide 1047?
True
Is 23 a factor of 41607?
True
Is 167482 a multiple of 11?
False
Does 19 divide 1433?
False
Is 10 a factor of 750?
True
Is 64 a factor of 17344?
True
Is 1913 a multiple of 3?
False
Does 39 divide 1642?
False
Is 3290 a multiple of 23?
False
Does 16 divide 34896?
True
Is 5149 a multiple of 19?
True
Is 97 a multiple of 4?
False
Is 27152 a multiple of 8?
True
Is 17 a factor of 510?
True
Does 12 divide 2149?
False
Is 17 a factor of 102?
True
Is 79 a factor of 560?
False
Is 20931 a multiple of 10?
False
Does 88 divide 176?
True
Is 25 a factor of 450?
True
Is 16 a factor of 6433?
False
Does 31 divide 1294?
False
Is 6 a factor of 444?
True
Is 203 a factor of 7105?
True
Is 110 a factor of 2090?
True
Is 9 a factor of 192?
False
Is 3900 a multiple of 10?
True
Is 278 a factor of 13344?
True
Is 10 a factor of 30?
True
Is 334 a multiple of 4?
False
Is 18 a factor of 46296?
True
Is 100 a factor of 3300?
True
Does 96 divide 30432?
True
Does 9 divide 5268?
False
Does 8 divide 65853?
False
Is 71 a factor of 1207?
True
Does 31 divide 8483?
False
Does 125 divide 6884?
False
Does 30 divide 9840?
True
Does 6 divide 276?
True
Is 11628 a multiple of 17?
True
Does 8 divide 7272?
True
Does 32 divide 1079?
False
Is 22 a factor of 8208?
False
Does 55 divide 76640?
False
Is 11136 a multiple of 192?
True
Does 10 divide 730?
True
Does 7 divide 802?
False
Is 967 even?
False
Is 24720 a multiple of 30?
True
Does 25 divide 30275?
True
Does 14 divide 530?
False
Is 4 a factor of 884?
True
Is 5166 a multiple of 106?
False
Is 84 a factor of 14532?
True
Is 105 a factor of 42210?
True
Is 9 a factor of 234?
True
Does 122 divide 6222?
True
Does 16 divide 4173?
False
Does 14 divide 672?
True
Is 6575 a multiple of 101?
False
Is 54 a factor of 7128?
True
Is 211 a factor of 160360?
True
Does 48 divide 4153?
False
Is 20 a factor of 746?
False
Does 21 divide 5841?
False
Is 6930 a multiple of 77?
True
Is 251 a multiple of 54?
False
Is 24204 a multiple of 6?
True
Is 27 a factor of 200?
False
Does 283 divide 26595?
False
Is 3124 a multiple of 31?
False
Is 112 a multiple of 7?
True
Does 10 divide 7890?
True
Is 34 a factor of 302?
False
Does 168 divide 85008?
True
Is 71098 a multiple of 11?
False
Is 294 a factor of 54096?
True
Is 17 a factor of 7497?
True
Is 26334 a multiple of 52?
False
Is 253 a factor of 49314?
False
Does 81 divide 138?
False
Is 10 a factor of 840?
True
Is 1449 a multiple of 21?